{"id":502,"date":"2023-12-01T02:24:50","date_gmt":"2023-11-30T23:24:50","guid":{"rendered":"https:\/\/dusiacar.com\/?post_type=product&#038;p=502"},"modified":"2023-12-13T02:41:56","modified_gmt":"2023-12-12T23:41:56","slug":"ramune-baltaja","status":"publish","type":"product","link":"https:\/\/dusiacar.com\/index.php\/product\/ramune-baltaja\/","title":{"rendered":"Ramun\u0119 balt\u0105j\u0105"},"content":{"rendered":"","protected":false},"excerpt":{"rendered":"","protected":false},"featured_media":881,"comment_status":"open","ping_status":"closed","template":"","meta":{"om_disable_all_campaigns":false,"_monsterinsights_skip_tracking":false,"_monsterinsights_sitenote_active":false,"_monsterinsights_sitenote_note":"","_monsterinsights_sitenote_category":0},"product_cat":[67],"product_tag":[],"aioseo_notices":[],"_links":{"self":[{"href":"https:\/\/dusiacar.com\/index.php\/wp-json\/wp\/v2\/product\/502"}],"collection":[{"href":"https:\/\/dusiacar.com\/index.php\/wp-json\/wp\/v2\/product"}],"about":[{"href":"https:\/\/dusiacar.com\/index.php\/wp-json\/wp\/v2\/types\/product"}],"replies":[{"embeddable":true,"href":"https:\/\/dusiacar.com\/index.php\/wp-json\/wp\/v2\/comments?post=502"}],"wp:featuredmedia":[{"embeddable":true,"href":"https:\/\/dusiacar.com\/index.php\/wp-json\/wp\/v2\/media\/881"}],"wp:attachment":[{"href":"https:\/\/dusiacar.com\/index.php\/wp-json\/wp\/v2\/media?parent=502"}],"wp:term":[{"taxonomy":"product_cat","embeddable":true,"href":"https:\/\/dusiacar.com\/index.php\/wp-json\/wp\/v2\/product_cat?post=502"},{"taxonomy":"product_tag","embeddable":true,"href":"https:\/\/dusiacar.com\/index.php\/wp-json\/wp\/v2\/product_tag?post=502"}],"curies":[{"name":"wp","href":"https:\/\/api.w.org\/{rel}","templated":true}]}}